-8).
6
Let k(r) = r**3 + 9*r**2 + 2*r + 9. Let v(d) = d**3 + d**2 + 2*d. Let y(s) = -k(s) + 2*v(s). Let q be (-1290)/(-45) + 2/(-3). Suppose q = -u + 5*u. Give y(u).
5
Suppose 2*q - 3*m = 31, 0 = -2*q - 5*m - 0 - 9. Suppose -6*n + q = -2*n. Let r(k) = -23*k + 3*k**2 + 7*k + 13*k. What is r(n)?
6
Let x(m) = m**2 + 15*m + 34. Let h(j) = 942*j + 9412. Let a be h(-10). Determine x(a).
-22
Let n(u) = u**3 - 24*u**2 + 26*u - 52. Let o be n(23). Let w(f) = 29 - 3*f - o - 10. What is w(-2)?
8
Let x(k) = -2*k - 2. Suppose 5*t + 0*p - p = 101, -2*t + 3*p = -43. Let o be (t/8)/(2/4). Give x(o).
-12
Let u(i) = 4*i - 2*i - 9*i + 0*i**2 + 6 + i**2. Let x be u(6). Let b(y) be the second derivative of -y**4/12 + 6*y**2 + 2*y. Calculate b(x).
12
Let x(o) = o**2 - 13*o + 1. Suppose -5*l + 25 = 2*d, 5*l - 30 = -4*d + d. Suppose 5*z + 47 = -d*m + 127, 5*z = 25. Give x(m).
-21
Let u(k) = -16*k + 50. Let t(w) = -w**3 - 43*w**2 - 44*w - 80. Let d be t(-42). Determine u(d).
-14
Let t(y) = y**2 - 7*y + 6. Let j = 31 - 28. Let x = j - -5. Let r be 2/x + (-209)/(-44). Determine t(r).
-4
Let d(j) be the third derivative of j**6/120 + 2*j**5/15 - 11*j**4/24 + 13*j**3/6 - j**2 - 3*j + 56. Give d(-9).
31
Let j(i) = -i - 12. Let x(q) = 9 + 2*q**3 - q + 9*q**2 + 0*q**2 - 3*q**3. Suppose 11*o - 99 = -0*o. Let t be x(o). What is j(t)?
-12
Let p(l) = l**2 + l + 1. Let h(i) = 4*i**2 - 2*i + 2. Let s(k) = h(k) - 5*p(k). Let y = -212 + 257. Suppose 0 = 12*z - 21*z - y. Determine s(z).
7
Let c(p) = -p + 1. Let d be 2/12 - (-174)/36. Let w(r) = -r**2 - 8*r + 6. Let n(q) = d*c(q) - w(q). Determine n(-2).
-3
Let x(o) be the third derivative of -o**4/24 - 25*o**3/6 + 20*o**2 + 2*o. Let u be x(-26). Let a(p) = 0 + p + 0 + 5*p. Determine a(u).
6
Let r = -274 + 260. Let b = r + 12. Let t(y) = y**3 - 2*y**2 - 2*y + 1. What is t(b)?
-11
Let y = -228 - -229. Let h(n) = 7*n**2 + 2*n - 1. What is h(y)?
8
Let o(d) = -2*d**2 + 4*d - 5. Let n(a) be the third derivative of -a**5/60 + 5*a**4/8 + 19*a**3/3 + 2*a**2 + 41. Let m be n(17). Calculate o(m).
-21
Let a(s) = -6*s - 8. Let c(t) = 3*t**2 - t + 1. Suppose 0 = -2*o - 7 + 5. Let k be c(o). Let i(b) = -b. Let v(r) = k*i(r) - a(r). Calculate v(-8).
0
Let b(a) = -101*a - 15040. Let k be b(-149). Let c(l) be the second derivative of -l**5/20 + 2*l**4/3 + 3*l**3/2 - l**2/2 - 2*l. Give c(k).
-1
Let o(i) = -i**3 + 13*i**2 + 33*i - 601. Let u be o(11). Let f(h) be the third derivative of 1/6*h**u - 2*h**2 + 0 + 1/60*h**5 + 0*h - 1/2*h**3. Give f(-3).
-6
Let f be -2*(-10)/4*1. Let x(j) be the third derivative of j**5/60 + j**4/12 + 145*j**3/6 + j**2. Let t(w) be the first derivative of x(w). Determine t(f).
12
Let v(j) = -j - 9. Let u be v(-12). Suppose 371 = -10*q + u*q. Let t = q - -48. Let a(w) = -w**3 - 6*w**2 - 4*w + 7. What is a(t)?
2
Suppose -2*j = -183*y + 179*y - 18, 27 = -4*y + 5*j. Let d(t) = 2*t**3 + 4*t**2 - t - 3. Calculate d(y).
-18
Let c(a) = 40*a + 50*a + 54 + 178 - 124*a + 48*a. Give c(-16).
8
Let n(o) = 36453*o - 36468*o + 11 + 94*o**3 - 95*o**3 + 13*o**2. Calculate n(11).
88
Suppose 0 = -t + 5, x - 2*t - 75 = -5*t. Suppose 7*r = 19*r + x. Let j(b) = b**2 + 6*b - 4. What is j(r)?
-9
Let b(p) = 2*p - 5. Suppose -4*m = 2*h - 8, 5*h - m = -6*m + 10. Let y(k) = 4*k**3 - 2*k**2 + 3*k - 8. Let g be y(2). Suppose 2*z + g - 10 = h. Calculate b(z).
-17
Let o(i) = 19 - 62 + 41 + 11 + 4*i + 7*i**2 + 0 + i**3. Suppose -26 = 4*j - 2. Give o(j).
21
Let c(s) = -25*s**2 + 22*s - 1 + 69*s**3 + 75*s**3 + 5*s**2 - 146*s**3. Determine c(-11).
-1
Suppose 0 = 5*q - 4*f - 7, -f = -0*q + 3*q - 11. Let d(l) = 4*l**2 - 17*l**3 + 9*l**3 + 0 + 5 + 9*l**q. Give d(-4).
5
Let j(r) = r + 1. Suppose -4*s = 4*q - 36, 0 = -3*q - 0*q + 9. Let b(d) = 4*d + 8. Let p(o) = s*j(o) - b(o). What is p(2)?
2
Let l(a) = a**3 + 12*a**2 + 63*a + 559. Let n be l(-11). Let b(s) = s**2 + 22*s + 12. Determine b(n).
-105
Let q(t) be the third derivative of 7*t**6/12 + t**5/60 - t**4/8 - 2*t**3/3 + t**2 - 3*t + 68. Determine q(-1).
-70
Suppose -2*r + r = -3*c - 12, -4*r - 2*c + 6 = 0. Let s(m) = 8*m**3 + 3*m**r - 2*m**3 - 8*m**3. Suppose -3*q - 2*q = 0. Give s(q).
0
Suppose -585*b - 42 = -571*b. Let y(o) = 2*o**3 + o**2 - 5*o - 5. Let z(i) = 5*i**3 + 3*i**2 - 11*i - 11. Let n(u) = 7*y(u) - 3*z(u). Calculate n(b).
13
Suppose 5*h = -4*s + 14, 10*s = -3*h + 5*s - 2. Let q(g) = -16*g + 87. What is q(h)?
-9
Let k(s) = -s**3 + 9*s**2 - 8*s + 2. Let z = -77 - -70. Let f(m) = m**2 - 7*m - 90. Let q be f(z). What is k(q)?
2
Let a(g) = -20*g**2 + 30*g + 48. Let b(l) = 17*l**2 - 29*l - 51. Let j(v) = -6*a(v) - 7*b(v). Give j(-19).
-7
Let b(z) = -z**3 + 13 - 90*z**2 + 27*z**2 + 26*z**2 + 6*z - 1 + 28*z**2. Give b(-9).
-42
Let j(g) be the third derivative of 1/6*g**3 - 4*g**2 + 2 + 0*g + 1/3*g**4. Suppose 4*l = -4 - 0. Give j(l).
-7
Let w(c) = -17 - 4 - 4*c + 0*c - 33. Give w(-14).
2
Suppose -10*g = g - 6*g. Let c(t) = t**2 - 2*t + 3. Let w(f) = -4*f**2 + 7*f - 9. Let z(o) = 7*c(o) + 2*w(o). What is z(g)?
3
Let p(c) = c**2 + 6*c + 9. Let j = -407 - -434. Suppose j*u - 23*u = -28. What is p(u)?
16
Let b(c) = 2*c**3 + 4*c**2 + 2*c + 2. Let j(i) = 4*i**3 + 9*i**2 + 6*i + 6. Let f(a) = 5*b(a) - 2*j(a). Give f(-2).
-6
Let z(h) = -1 - 2*h - h + 7*h. Let x be -6 + 1 + (2 - (0 + -2)). Calculate z(x).
-5
Let v(s) = -s**2 + 1. Let m = -15 - -45. Suppose 4*o - m = -4*k + 22, -5*o = -3*k - 33. Suppose 0 = -6*x + o*x - 3. Calculate v(x).
0
Let p = -2322 + 2327. Let k(m) be the second derivative of -1/20*m**p - 3*m**2 - 2/3*m**3 - 14*m + 0 + 1/2*m**4. What is k(5)?
-1
Suppose w = -2*n - 0*w + 8, -4 = -n + w. Let p(f) be the second derivative of f**5/20 - 5*f**4/12 - f**3/2 + 3*f**2 + 4410*f. What is p(n)?
-22
Let c = 172 - 161. Let o(d) = -10*d - c*d - 12 + 11 + 14*d. Let w be -2 + 2 - (1 - 2). Calculate o(w).
-8
Let o be 22/14 - (-7 - (-184)/28). Let m(v) = -v**3 + 2*v**3 + 3*v**o - 2 - 5*v + 2 + 2. Determine m(-4).
6
Let c(h) = h + 10. Suppose 0 = -l - 11*l + 24. Let r be l/(-28)*-8 + (-222)/21. Calculate c(r).
0
Let u(t) = -12*t**2 - 2*t - 1. Let k(f) = -f - 30. Let y be k(-30). Suppose 16*a + 3 + 13 = y. Give u(a).
-11
Let g(m) = -8*m**3 + 44*m**2 + 20*m - 11. Let b(c) = 7*c**3 - 40*c**2 - 19*c + 12. Let k(u) = -7*b(u) - 6*g(u). Calculate k(17).
-86
Suppose -a = -3, -18*a - 11 = -4*j - 23*a. Let y(w) = w - 1 - 12*w**3 + 0*w - 6*w - 2*w**2 + 3*w. Give y(j).
11
Let y(p) = 31*p**3 - 7*p**2 - 63*p - 1. Let r(j) = -56*j**3 + 15*j**2 + 126*j + 1. Let d(c) = 5*r(c) + 9*y(c). What is d(-4)?
0
Let w(r) = 14363042 + 2*r**3 + 10*r - 14363016 + 8*r**2 - r**3. Calculate w(-7).
5
Suppose 12*g = -l + 11*g + 9, -2*g + 45 = 5*l. Suppose 4*s = -3*i + l + 13, s - i = 2. Let w(r) = -2*r**2 + 3*r + 5. What is w(s)?
-15
Let q(z) = 13*z + 20. Let g be (1/5)/(14 - (-639)/(-45)). Calculate q(g).
7
Let u(a) be the third derivative of -a**5/60 - 5*a**4/24 + 335*a**2. Suppose -3*m = -4*m + 7. Suppose 3*z + 11 + m = 0. Calculate u(z).
-6
Suppose -3*m + 3*j - 31 = -13, 3*j - 12 = -3*m. Let y = 10 + m. Let c be (2 - (7 + -4))*y. Let p(d) = -d**2 - 9*d + 7. Give p(c).
7
Let v(k) = -k**3 + 4*k**2 - 2*k - 4. Let u(g) = g**3 + 8*g**2 + 12*g + 3. Let d be u(-6). Let y be v(d). Let q(j) = -3*j. What is q(y)?
3
Suppose 2214 - 850 = -124*s. Let m(n) = -2*n - 49. Give m(s).
-27
Let i(b) = 18*b**3 - b**2 + 1. Suppose 26 = -d + 5*w, -w + 0*w = 5*d. Let q be (-64)/(-16) + (-1)/d*-1. Let f = -2 + q. Calculate i(f).
18
Suppose -9 = -50*g + 41. Let j(l) = -57*l + 2*l**2 - 38*l + 1 - g + 83*l. Calculate j(5).
-10
Let a(p) = -2*p + 19 - p + 10 + 0*p - 32. Suppose -12*j - 5 = 43. Calculate a(j).
9
Let h(k) = k**2 + 6*k - 4. Let v be 1 - 5/7 - 336/(-196). Suppose -9*p - v*p + 231 = 0. Suppose -z = -17 + p. Give h(z).
-12
Let j = -1 - 1. Let t be ((-44)/(-33))/(j/(-3)). Let h(g) = 3*g**2 - t*g**2 - 3*g**2 - 5*g - 7 + g**2. Give h(-5).
-7
Let b = -16 - -29. Suppose -14*u + 15 = -b. Suppose 5*x - u*c - 29 = -0*c, -3*c = -x + 11. Let g(r) = r**2 - 7*r + 3. Determine g(x).
-7
Let b(a) = -a**2 - 5*a - 4. Suppose -35*d - 1056 = -6. Let r be (d/25)/((-4)/(-10)). Determine b(r).
2
Let d(f) = 9*f + 21. Let c(m) = -124*m + 1357. Let a be c(11). What is d(a)?
-42
Let z(a) be the third derivative of -a**4/3 - 2*a**3/3 + 17*a**2 + 9*a. Calculate z(-4).
28
Let a(j) = -j*